Calculate the greatest common divisor of l and 30.
30
Suppose 2*s = -4, 12 = 2*a + 2*s - 12. Suppose 197 = -4*h + 3*n - 1534, n = h + 434. Let m = -427 - h. What is the highest common factor of m and a?
2
Let l be 705/10 - ((-7)/(-14) + 0). What is the greatest common divisor of l and 90?
10
Let p(y) = 4*y - 58. Let n be p(17). Suppose -23*d - n = -28*d. Suppose 5*w - 70 = -4*a, -a + 56 = 6*w - d*w. Calculate the highest common factor of 7 and w.
7
Let d = 43 - 35. Let f(c) be the first derivative of 2*c**3/3 - 9*c**2/2 - 5*c - 16. Let z be f(d). Calculate the greatest common divisor of z and 17.
17
Suppose 6*v = -5*t + 2*v + 94, 0 = t + v - 18. Suppose -3*u + t*u = 627. Suppose 0 = -5*l + 228 + 102. Calculate the highest common divisor of l and u.
33
Let a = -50 - -50. Let f = -1 + a. Let b be 3*f*65/(-39). Calculate the highest common divisor of 5 and b.
5
Suppose 28*c + 1897 - 9414 = 4579. What is the greatest common factor of c and 528?
48
Let d be (-345454)/(-30) - (11 - 1141/105). Calculate the greatest common factor of d and 705.
235
Let f(w) = -485*w**3 - w**2 + 3*w + 3. Let h be (31/(-93))/(1 + (-2)/3). Let g be f(h). Suppose 8*r - g = 7*r. What is the greatest common divisor of r and 44?
44
Let j be 2*3/(6/(-8)). Let a = j - -20. Let t be 370/15 + (-100)/150. Calculate the highest common divisor of t and a.
12
Let w = 83290 - 81879. Let m(r) = -r**2 - 8*r + 5. Let a be m(-6). What is the greatest common factor of w and a?
17
Let d = -218606 - -218720. Let x(r) = -7*r + 2. Let n be x(-4). Calculate the highest common divisor of n and d.
6
Suppose -3*d = -8*d + 495. Suppose -p + 2125 - 2115 = -c, 0 = p - 4*c - 7. Calculate the highest common divisor of p and d.
11
Suppose 5*j = 84 - 9. Suppose -6*y = -3*y + 207. Let z = -66 - y. What is the highest common divisor of z and j?
3
Suppose -o = -7*o + 12. Suppose 4*w = -o*w + 270. What is the greatest common divisor of 765 and w?
45
Let d(s) = s**2 - 7. Let l be d(5). Let w be (-17 + -7)*(-3 - -5). Let p be (-8)/6 - 2224/w. What is the highest common factor of l and p?
9
Suppose 207*n - 206*n = 3. Suppose 8*k - n*k - 2*o - 482 = 0, -383 = -4*k - o. Calculate the highest common divisor of 72 and k.
24
Let n be (-2 + (-123)/6)*(-37356)/99. Calculate the greatest common factor of n and 30.
30
Let y = -223 - -231. Suppose -y = 275*u - 276*u. Suppose -4*n = -3*n - 24. Calculate the greatest common divisor of u and n.
8
Suppose z - 24 = f, -3*f = -4*f + 3. Suppose -4*w + 40 = 4*m, -3 = -4*m - w + 25. What is the highest common factor of z and m?
3
Suppose 5*q - 234 = -4*o, -4*q = -q + 3*o - 138. Suppose 7404 + 1146 = q*d. What is the highest common factor of 36 and d?
9
Suppose -1549*j + 1527*j = -10934. What is the highest common divisor of j and 49?
7
Suppose -117718 = -19*r - 18196. What is the highest common factor of r and 162?
54
Suppose -95*d + 97*d - f = 199, 0 = 2*d + 5*f - 229. What is the highest common divisor of d and 442?
34
Suppose -4*g + 104 = 2*d - 644, -4*d + 3*g + 1551 = 0. Calculate the highest common factor of d and 36.
12
Suppose -6*g - 720 = -10*g. Suppose 2*z = -7*z + g. Suppose 2*w - 8*b = -3*b + 370, -2*b = 2*w - 356. Calculate the highest common factor of w and z.
20
Let f = 13952 + -13721. Calculate the greatest common divisor of f and 2805.
33
Let l be 353202/1147 - 12/(-186). What is the highest common factor of l and 1100?
44
Let i = -53 + 53. Suppose i*s + 972 = 4*s. Calculate the greatest common factor of s and 27.
27
Let x be (6*2/9)/((-45)/(27405/(-116))). What is the highest common divisor of 1519 and x?
7
Suppose 11*i = -14*i + 50. Let s(m) = m**3 - 3*m**2 + 2*m + 5. Let a be s(i). Let g = -7 + 32. Calculate the greatest common divisor of a and g.
5
Let j = -38 - -40. Suppose j*q = 11 - 3. Suppose -q*m = 45 - 305. Calculate the greatest common factor of 26 and m.
13
Let i be 441/15*(-9 + 12/3). Let w = -133 - i. What is the greatest common divisor of 28 and w?
14
Suppose r = -2*l - l + 8, -32 = -4*r - 2*l. Let q be ((-3)/6)/(-1)*2/1. Let j be q*-5 + 255/3. Calculate the highest common divisor of r and j.
8
Let i(y) = -2 + 54*y - 6 + 58*y. Let d be i(2). What is the greatest common factor of 12 and d?
12
Let v be 12/3*(-2)/(-8). Suppose 0 = -y + 4*s + v, 0*y + 5*y - 22 = 3*s. Suppose -y*t + 693 = 4*t. Calculate the greatest common factor of t and 11.
11
Let s be (-104)/6*(18/(-8))/(48/32). Let q = -5 - -7. What is the greatest common factor of s and q?
2
Let i(z) = -2*z**3 - 23*z**2 - 18*z - 49. Let y be i(-11). What is the highest common factor of y and 259?
7
Suppose 40*w - 12*w - 55860 = 0. Calculate the highest common factor of w and 420.
105
Let o = -69 - 93. Let g = -154 - o. Let l be 18 + 2/(-2) + -1. What is the highest common divisor of g and l?
8
Let r(x) = -x**2 + 3*x + 10. Let o be r(5). Suppose -4*b + 2*c + 10 + 10 = 0, o = b - 3*c - 5. Calculate the greatest common factor of 120 and b.
5
Let p be (-66)/(-1) - (-2)/3 - (-745)/(-447). Calculate the greatest common divisor of p and 2977.
13
Let r = -282 + 285. Suppose 2*u = -0*l + 4*l - 50, r*l - 34 = 5*u. What is the greatest common divisor of 819 and l?
13
Suppose 4*z = -i + 14597, -57*z - 4*i = -59*z + 7312. What is the greatest common divisor of 100 and z?
50
Let d = -3946 - -4002. Let u(g) = g**3 - g**2 - 6*g. Let s be u(7). What is the greatest common factor of d and s?
28
Let r be 1 + -1 - (-2)/(-4)*-210. Calculate the greatest common divisor of 1239 and r.
21
Suppose 3*i - 2*p = 97 + 213, -4*p = 2*i - 180. Calculate the greatest common divisor of 220 and i.
20
Suppose 51*t - 25987 = 21749. Calculate the greatest common divisor of 792 and t.
72
Let b(y) = y**3 + 11 + 5 + 5*y**2 + 2*y + 2*y**2. Let w be b(-7). Suppose -j + p = -5, -j = -3*j - 5*p + 10. What is the greatest common factor of w and j?
1
Let c be 3*-1 + (-6 - (16 - 7)). Let o be c/4*(6/(-3))/1. Suppose -m + 58 = 3*p + 2*p, 4*p = -4. Calculate the highest common factor of o and m.
9
Suppose 33*g + 325 = 1480. Calculate the greatest common factor of 1925 and g.
35
Suppose j - 2*m + 7*m + 11 = 0, -3*j + 15 = -m. Suppose -d + 4*v = 4*d - 782, -d = -j*v - 166. What is the highest common factor of 42 and d?
14
Let z(a) = -a**2 - 11*a - 8. Let l = 1 + -10. Let r be z(l). Let g = 7317 - 7312. Calculate the greatest common factor of r and g.
5
Let o(h) = -h**2 + 141*h + 1182. Let u be o(147). What is the greatest common divisor of u and 648?
12
Suppose -17*g + 34*g = -25*g + 2814. Calculate the highest common divisor of 73 and g.
1
Let w = 1107 + -979. Calculate the greatest common factor of 3136 and w.
64
Let p(v) = v**3 + 4*v**2 - 9*v + 33. Let b = -342 - -336. Let t be p(b). What is the greatest common divisor of t and 65?
5
Suppose 0 = 6*j - 4*j. Let d be 3*-2*(-3)/(-3 - j). Let m(s) = s**3 + 4*s**2 - 16*s - 20. Let z be m(d). Calculate the greatest common factor of z and 36.
4
Let q be 26 + (-42 - 2)/(-11). What is the greatest common factor of 366 and q?
6
Let j(k) = -8*k**3 + 7*k**2 - 93*k - 773. Let t be j(-8). Calculate the greatest common divisor of t and 945.
105
Let l = 3966 - 3920. What is the greatest common factor of 115 and l?
23
Let v = -781 - -1213. Calculate the highest common divisor of v and 594.
54
Let i(m) = 28*m**2 + 551*m + 3865. Let c be i(-7). What is the greatest common divisor of c and 48?
12
Let a(t) = t**3 + 3*t**2 - 609*t + 50. Let v be a(-26). Suppose 67 = -2*r + 193. Calculate the greatest common divisor of v and r.
21
Let s(h) = 4*h**2 + 39*h - 138. Let j be s(4). What is the greatest common divisor of j and 2624?
82
Suppose -78 - 22 = -5*d. Let z be 40/16 + 13/(-2). Let s(q) = q**3 + 3*q**2 - 3*q + 8. Let f be s(z). Calculate the highest common factor of d and f.
4
Let i be (-234)/(-3) + (6 - 1). Let t = 102 - i. Suppose -77 = -3*f - 20. What is the greatest common divisor of f and t?
19
Suppose 255*d - 1415 - 1317 - 1858 = 0. Let o = 2 + -2. Suppose 2*f + j - 143 = 0, o = j - 4*j - 3. Calculate the greatest common divisor of d and f.
18
Let f be 214/(-8) - 6/24. Let l = -20 - f. Suppose -4*k + 65 = 5*j, l*j - 2*j = -5*k + 70. What is the greatest common divisor of 72 and j?
9
Let j(g) = 2*g**3 + 7*g**2 - 12*g + 13. Let f be j(-7). Let c = f - -466. Calculate the greatest common factor of c and 10.
1